{"id":525,"date":"2014-09-22T10:56:05","date_gmt":"2014-09-22T08:56:05","guid":{"rendered":"https:\/\/www.k8s.stage.smartsteuer.dev\/online\/?page_id=525"},"modified":"2025-10-14T15:12:59","modified_gmt":"2025-10-14T13:12:59","slug":"startseite","status":"publish","type":"page","link":"https:\/\/www.k8s.stage.smartsteuer.dev\/online\/","title":{"rendered":"Startseite"},"content":{"rendered":"<div class=\"sui-sheet-wrapper\">\n\t<section class=\"lb-section sui-sheet--up-flat sui-sheet-padding-flat sui-theme-bright\">\n\t\t<div class=\"sui-container \">\n\t\t\t<\/p>\n<h2>H\u00e4ufige Fragen<\/h2>\n<p><div class=\"sui-accordion\" id=\"sui-accordion-169f5455a4e02c\"><\/p>\n<p><h3 class=\"sui-accordion-title\">Warum Steuererkl\u00e4rung mit smartsteuer?<\/h3><div class=\"sui-accordion-item show\"><\/p>\n<p><span style=\"font-weight: 400;\">Mit der Online-Steuererkl\u00e4arung von smartsteuer holst Du Dir ganz einfach Deine zu viel gezahlten Steuern zur\u00fcck. Unsere Kunden erhalten im Durchschnitt eine Erstattung in H\u00f6he von 1.266 \u20ac. Teste smartsteuer kostenlos und lass Deine Erstattung live berechnen. Du zahlst nur bei der finalen Abgabe an das Finanzamt. <\/span><\/p>\n<p><\/div><\/p>\n<p><h3 class=\"sui-accordion-title\">Welches Steuerprogramm ist das beste?<\/h3><div class=\"sui-accordion-item \"><\/p>\n<p><span style=\"font-weight: 400;\">smartsteuer ist eine Online-Steuererkl\u00e4rung, die Deine Steuern leicht macht und das in jeder Lebenslage. Egal ob Ausbildung, Studium, angestellt, selbstst\u00e4ndig oder als Rentner, mit smartsteuer bleibt Deine Steuer smart und das ein Leben lang. Wir geben Dir individuelle Tipps und das Steuerwissen an die Hand, um das Beste aus Deinen Steuern zu holen.\u00a0\u00a0\u00a0<\/span><\/p>\n<p><span style=\"font-weight: 400;\">\u00dcberzeug Dich selbst oder schau gleich mal ins Steuerwissen rein!<\/span><\/p>\n<p><\/div><\/p>\n<p><h3 class=\"sui-accordion-title\">Wie funktioniert smartsteuer? <\/h3><div class=\"sui-accordion-item \"><\/p>\n<p><span style=\"font-weight: 400;\">smartsteuer funktioniert online, ganz ohne Download oder Abo-Falle. Schritt f\u00fcr Schritt wirst Du nach der Anmeldung durch das Interview gef\u00fchrt. Dank hilfreicher Tipps holst Du mit smartsteuer das Maximum aus der Steuer. Vor der Abgabe werden Deine Angaben im smartCheck gepr\u00fcft. Ist der Check positiv, kannst Du die Erkl\u00e4rung direkt digital an Dein Finanzamt \u00fcbermitteln. Fertig! <\/span><\/p>\n<p><\/div><\/p>\n<p><h3 class=\"sui-accordion-title\">Welche Vorteile bietet smartsteuer f\u00fcr Deine Steuererkl\u00e4rung?<\/h3><div class=\"sui-accordion-item \"><\/p>\n<p>Anders als das Steuerprogramm Elster, \u00fcberzeugt smartsteuer durch Benutzerfreundlichkeit. Elster bereitet h\u00e4ufig Probleme beim Login oder mit Zertifikaten. Smartsteuer dagegen, f\u00fchrt Dich Schritt f\u00fcr Schritt durch Deine Steuererkl\u00e4rung. Dank verst\u00e4ndlicher Fragen, erledigst Du die Steuererkl\u00e4rung einfach und sicher. Und gibt es Probleme, steht Dir unser Support-Team jederzeit zur Seite.<\/p>\n<p>Smartsteuer ermittelt automatisch potenzielle Steuervorteile f\u00fcr Dich. Du erh\u00e4ltst gezielte Tipps und hilfreiche Hinweise. Damit auch alles stimmt, pr\u00fcft unser smartCheck noch einmal Deine Erkl\u00e4rung, bevor Du sie an das Finanzamt schickst. Mit smartsteuer sparst Du Zeit, Aufwand und holst das Maximum aus Deiner Steuer.<\/p>\n<p><\/div><\/p>\n<p><\/div><\/p>\n<p>\n\t\t<\/div>\n\t<\/section>\n<\/div>\n<div class=\"sui-sheet-wrapper\">\n\t<section class=\"lb-section sui-sheet--up-flat sui-sheet-padding-flat sui-theme-bright\">\n\t\t<div class=\"sui-container \">\n\t\t\t<\/p>\n<p><div class=\"lb-features\"><div class=\"sui-grid\" style=\"padding:0 !important;\"><div class=\"sui-row\"><div class=\"sui-col-third\"><div class=\"lb-features-item\">\n\t<div class=\"lb-features-icon pb-2 pb-sm-3 pb-md-4\">\n\t<i class=\"fa-solid fa-newspaper\" style=\"color: var(--sui-color-electric-600)\" aria-hidden=\"true\"><\/i>\n<\/div>\n\t<div>\n\t\t<div class=\"h3 lb-features-title\">\n\tBlog\n<\/div>\n\t\t<div class=\"lb-features-text\">\n\t\t\t<\/p>\n<p>Neues aus der Steuerwelt<\/p>\n<p>\n\t\t<\/div>\n\t\t<div class=\"lb-features-link mt-1\">\n\t<a class=\"lb-link sui-button-ghost sui-button-align-text\" href=\"https:\/\/www.smartsteuer.de\/blog\/\">\n\t smartsteuer-Blog\n\t <i class=\"fa-solid fa-chevron-right\" aria-hidden=\"true\"><\/i>\n\t<\/a>\n<\/div>\n\t<\/div>\n<\/div><\/div><div class=\"sui-col-third\"><div class=\"lb-features-item\">\n\t<div class=\"lb-features-icon pb-2 pb-sm-3 pb-md-4\">\n\t<i class=\"fa-solid fa-briefcase\" style=\"color: var(--sui-color-electric-600)\" aria-hidden=\"true\"><\/i>\n<\/div>\n\t<div>\n\t\t<div class=\"h3 lb-features-title\">\n\tJobs\n<\/div>\n\t\t<div class=\"lb-features-text\">\n\t\t\t<\/p>\n<p>Offene Stellen bei smartsteuer<\/p>\n<p>\n\t\t<\/div>\n\t\t<div class=\"lb-features-link mt-1\">\n\t<a class=\"lb-link sui-button-ghost sui-button-align-text\" href=\"\/jobs-offene-stellen-bei-smartsteuer\/\">\n\t Unsere Stellenangebote\n\t <i class=\"fa-solid fa-chevron-right\" aria-hidden=\"true\"><\/i>\n\t<\/a>\n<\/div>\n\t<\/div>\n<\/div><\/div><div class=\"sui-col-third\"><div class=\"lb-features-item\">\n\t<div class=\"lb-features-icon pb-2 pb-sm-3 pb-md-4\">\n\t<i class=\"fa-solid fa-heart\" style=\"color: var(--sui-color-electric-600)\" aria-hidden=\"true\"><\/i>\n<\/div>\n\t<div>\n\t\t<div class=\"h3 lb-features-title\">\n\t\u00dcber uns\n<\/div>\n\t\t<div class=\"lb-features-text\">\n\t\t\t<\/p>\n<p>Wer wir sind<\/p>\n<p>\n\t\t<\/div>\n\t\t<div class=\"lb-features-link mt-1\">\n\t<a class=\"lb-link sui-button-ghost sui-button-align-text\" href=\"\/service\/ueber-uns\/\">\n\t Mehr erfahren\n\t <i class=\"fa-solid fa-chevron-right\" aria-hidden=\"true\"><\/i>\n\t<\/a>\n<\/div>\n\t<\/div>\n<\/div><\/div><\/div><\/div><\/div><\/p>\n<p>\n\t\t<\/div>\n\t<\/section>\n<\/div>\n<div class=\"sui-sheet-wrapper\">\n\t<section class=\"lb-section sui-sheet--up-flat sui-sheet-padding-flat sui-theme-electric sui-theme-box-2\">\n\t\t<div class=\"sui-container \">\n\t\t\t<\/p>\n<h2>Wie viel gibt\u2019s f\u00fcr Dich zur\u00fcck?<\/h2>\n<p><a class='sui-button-cta mt-2 sui-button-xlarge' href='https:\/\/steuerjahr2025.stage.smartsteuer.dev\/register' role='button'>\n\tJetzt ausrechnen!\t\n<\/a><\/p>\n<p>\n\t\t<\/div>\n\t<\/section>\n<\/div>\n","protected":false},"excerpt":{"rendered":"","protected":false},"author":27,"featured_media":0,"parent":0,"menu_order":0,"comment_status":"open","ping_status":"open","template":"","meta":{"_acf_changed":false,"footnotes":""},"class_list":["post-525","page","type-page","status-publish","hentry"],"acf":[],"yoast_head":"<!-- This site is optimized with the Yoast SEO Premium plugin v21.0 (Yoast SEO v27.4) - https:\/\/yoast.com\/product\/yoast-seo-premium-wordpress\/ -->\n<title>smartsteuer \u21d2 Steuererkl\u00e4rung 2025 einfach online selber machen!<\/title>\n<meta name=\"description\" content=\"Machen Sie Ihre Steuererkl\u00e4rung 2025 online einfach selber \u27a1 \u00d8 1.266 \u20ac Erstattung \u2705 &lt; 60 Minuten \u2705 93 % Weiterempfehlungsrate \u2705 Jetzt loslegen!\" \/>\n<meta name=\"robots\" content=\"noindex, follow\" \/>\n<meta property=\"og:locale\" content=\"de_DE\" \/>\n<meta property=\"og:type\" content=\"article\" \/>\n<meta property=\"og:title\" content=\"Startseite\" \/>\n<meta property=\"og:description\" content=\"Machen Sie Ihre Steuererkl\u00e4rung 2025 online einfach selber \u27a1 \u00d8 1.266 \u20ac Erstattung \u2705 &lt; 60 Minuten \u2705 93 % Weiterempfehlungsrate \u2705 Jetzt loslegen!\" \/>\n<meta property=\"og:url\" content=\"https:\/\/www.k8s.stage.smartsteuer.dev\/online\/\" \/>\n<meta property=\"og:site_name\" content=\"smartsteuer\" \/>\n<meta property=\"article:publisher\" content=\"https:\/\/de-de.facebook.com\/smartsteuer\/\" \/>\n<meta property=\"article:modified_time\" content=\"2025-10-14T13:12:59+00:00\" \/>\n<meta property=\"og:image\" content=\"https:\/\/www.k8s.stage.smartsteuer.dev\/online\/wp-content\/uploads\/2019\/06\/mann-mit-laptop-test-mod1.png\" \/>\n\t<meta property=\"og:image:width\" content=\"3523\" \/>\n\t<meta property=\"og:image:height\" content=\"1396\" \/>\n\t<meta property=\"og:image:type\" content=\"image\/png\" \/>\n<meta name=\"twitter:card\" content=\"summary_large_image\" \/>\n<meta name=\"twitter:site\" content=\"@smartsteuer\" \/>\n<meta name=\"twitter:label1\" content=\"Gesch\u00e4tzte Lesezeit\" \/>\n\t<meta name=\"twitter:data1\" content=\"2\u00a0Minuten\" \/>\n<script type=\"application\/ld+json\" class=\"yoast-schema-graph\">{\"@context\":\"https:\\\/\\\/schema.org\",\"@graph\":[{\"@type\":\"WebPage\",\"@id\":\"https:\\\/\\\/www.k8s.stage.smartsteuer.dev\\\/online\\\/\",\"url\":\"https:\\\/\\\/www.k8s.stage.smartsteuer.dev\\\/online\\\/\",\"name\":\"smartsteuer \u21d2 Steuererkl\u00e4rung 2025 einfach online selber machen!\",\"isPartOf\":{\"@id\":\"https:\\\/\\\/www.smartsteuer.de\\\/online\\\/#website\"},\"datePublished\":\"2014-09-22T08:56:05+00:00\",\"dateModified\":\"2025-10-14T13:12:59+00:00\",\"description\":\"Machen Sie Ihre Steuererkl\u00e4rung 2025 online einfach selber \u27a1 \u00d8 1.266 \u20ac Erstattung \u2705 &lt; 60 Minuten \u2705 93 % Weiterempfehlungsrate \u2705 Jetzt loslegen!\",\"breadcrumb\":{\"@id\":\"https:\\\/\\\/www.k8s.stage.smartsteuer.dev\\\/online\\\/#breadcrumb\"},\"inLanguage\":\"de\",\"potentialAction\":[{\"@type\":\"ReadAction\",\"target\":[\"https:\\\/\\\/www.k8s.stage.smartsteuer.dev\\\/online\\\/\"]}]},{\"@type\":\"BreadcrumbList\",\"@id\":\"https:\\\/\\\/www.k8s.stage.smartsteuer.dev\\\/online\\\/#breadcrumb\",\"itemListElement\":[{\"@type\":\"ListItem\",\"position\":1,\"name\":\"Home\",\"item\":\"https:\\\/\\\/www.k8s.stage.smartsteuer.dev\\\/online\\\/\"},{\"@type\":\"ListItem\",\"position\":2,\"name\":\"Startseite\"}]},{\"@type\":\"WebSite\",\"@id\":\"https:\\\/\\\/www.smartsteuer.de\\\/online\\\/#website\",\"url\":\"https:\\\/\\\/www.smartsteuer.de\\\/online\\\/\",\"name\":\"smartsteuer\",\"description\":\"Steuererkl\u00e4rung 2021 online machen &amp; Steuern sparen\",\"publisher\":{\"@id\":\"https:\\\/\\\/www.smartsteuer.de\\\/online\\\/#organization\"},\"potentialAction\":[{\"@type\":\"SearchAction\",\"target\":{\"@type\":\"EntryPoint\",\"urlTemplate\":\"https:\\\/\\\/www.smartsteuer.de\\\/online\\\/?s={search_term_string}\"},\"query-input\":{\"@type\":\"PropertyValueSpecification\",\"valueRequired\":true,\"valueName\":\"search_term_string\"}}],\"inLanguage\":\"de\"},{\"@type\":\"Organization\",\"@id\":\"https:\\\/\\\/www.smartsteuer.de\\\/online\\\/#organization\",\"name\":\"smartsteuer GmbH\",\"url\":\"https:\\\/\\\/www.smartsteuer.de\\\/online\\\/\",\"logo\":{\"@type\":\"ImageObject\",\"inLanguage\":\"de\",\"@id\":\"https:\\\/\\\/www.smartsteuer.de\\\/online\\\/#\\\/schema\\\/logo\\\/image\\\/\",\"url\":\"https:\\\/\\\/www.k8s.stage.smartsteuer.dev\\\/online\\\/wp-content\\\/uploads\\\/2018\\\/10\\\/smartsteuer-logo.png\",\"contentUrl\":\"https:\\\/\\\/www.k8s.stage.smartsteuer.dev\\\/online\\\/wp-content\\\/uploads\\\/2018\\\/10\\\/smartsteuer-logo.png\",\"width\":250,\"height\":94,\"caption\":\"smartsteuer GmbH\"},\"image\":{\"@id\":\"https:\\\/\\\/www.smartsteuer.de\\\/online\\\/#\\\/schema\\\/logo\\\/image\\\/\"},\"sameAs\":[\"https:\\\/\\\/de-de.facebook.com\\\/smartsteuer\\\/\",\"https:\\\/\\\/x.com\\\/smartsteuer\",\"https:\\\/\\\/www.youtube.com\\\/channel\\\/UCu02GkFNrMRzwysT2SEmNrQ\"]}]}<\/script>\n<!-- \/ Yoast SEO Premium plugin. -->","yoast_head_json":{"title":"smartsteuer \u21d2 Steuererkl\u00e4rung 2025 einfach online selber machen!","description":"Machen Sie Ihre Steuererkl\u00e4rung 2025 online einfach selber \u27a1 \u00d8 1.266 \u20ac Erstattung \u2705 &lt; 60 Minuten \u2705 93 % Weiterempfehlungsrate \u2705 Jetzt loslegen!","robots":{"index":"noindex","follow":"follow"},"og_locale":"de_DE","og_type":"article","og_title":"Startseite","og_description":"Machen Sie Ihre Steuererkl\u00e4rung 2025 online einfach selber \u27a1 \u00d8 1.266 \u20ac Erstattung \u2705 &lt; 60 Minuten \u2705 93 % Weiterempfehlungsrate \u2705 Jetzt loslegen!","og_url":"https:\/\/www.k8s.stage.smartsteuer.dev\/online\/","og_site_name":"smartsteuer","article_publisher":"https:\/\/de-de.facebook.com\/smartsteuer\/","article_modified_time":"2025-10-14T13:12:59+00:00","og_image":[{"width":3523,"height":1396,"url":"https:\/\/www.k8s.stage.smartsteuer.dev\/online\/wp-content\/uploads\/2019\/06\/mann-mit-laptop-test-mod1.png","type":"image\/png"}],"twitter_card":"summary_large_image","twitter_site":"@smartsteuer","twitter_misc":{"Gesch\u00e4tzte Lesezeit":"2\u00a0Minuten"},"schema":{"@context":"https:\/\/schema.org","@graph":[{"@type":"WebPage","@id":"https:\/\/www.k8s.stage.smartsteuer.dev\/online\/","url":"https:\/\/www.k8s.stage.smartsteuer.dev\/online\/","name":"smartsteuer \u21d2 Steuererkl\u00e4rung 2025 einfach online selber machen!","isPartOf":{"@id":"https:\/\/www.smartsteuer.de\/online\/#website"},"datePublished":"2014-09-22T08:56:05+00:00","dateModified":"2025-10-14T13:12:59+00:00","description":"Machen Sie Ihre Steuererkl\u00e4rung 2025 online einfach selber \u27a1 \u00d8 1.266 \u20ac Erstattung \u2705 &lt; 60 Minuten \u2705 93 % Weiterempfehlungsrate \u2705 Jetzt loslegen!","breadcrumb":{"@id":"https:\/\/www.k8s.stage.smartsteuer.dev\/online\/#breadcrumb"},"inLanguage":"de","potentialAction":[{"@type":"ReadAction","target":["https:\/\/www.k8s.stage.smartsteuer.dev\/online\/"]}]},{"@type":"BreadcrumbList","@id":"https:\/\/www.k8s.stage.smartsteuer.dev\/online\/#breadcrumb","itemListElement":[{"@type":"ListItem","position":1,"name":"Home","item":"https:\/\/www.k8s.stage.smartsteuer.dev\/online\/"},{"@type":"ListItem","position":2,"name":"Startseite"}]},{"@type":"WebSite","@id":"https:\/\/www.smartsteuer.de\/online\/#website","url":"https:\/\/www.smartsteuer.de\/online\/","name":"smartsteuer","description":"Steuererkl\u00e4rung 2021 online machen &amp; Steuern sparen","publisher":{"@id":"https:\/\/www.smartsteuer.de\/online\/#organization"},"potentialAction":[{"@type":"SearchAction","target":{"@type":"EntryPoint","urlTemplate":"https:\/\/www.smartsteuer.de\/online\/?s={search_term_string}"},"query-input":{"@type":"PropertyValueSpecification","valueRequired":true,"valueName":"search_term_string"}}],"inLanguage":"de"},{"@type":"Organization","@id":"https:\/\/www.smartsteuer.de\/online\/#organization","name":"smartsteuer GmbH","url":"https:\/\/www.smartsteuer.de\/online\/","logo":{"@type":"ImageObject","inLanguage":"de","@id":"https:\/\/www.smartsteuer.de\/online\/#\/schema\/logo\/image\/","url":"https:\/\/www.k8s.stage.smartsteuer.dev\/online\/wp-content\/uploads\/2018\/10\/smartsteuer-logo.png","contentUrl":"https:\/\/www.k8s.stage.smartsteuer.dev\/online\/wp-content\/uploads\/2018\/10\/smartsteuer-logo.png","width":250,"height":94,"caption":"smartsteuer GmbH"},"image":{"@id":"https:\/\/www.smartsteuer.de\/online\/#\/schema\/logo\/image\/"},"sameAs":["https:\/\/de-de.facebook.com\/smartsteuer\/","https:\/\/x.com\/smartsteuer","https:\/\/www.youtube.com\/channel\/UCu02GkFNrMRzwysT2SEmNrQ"]}]}},"_links":{"self":[{"href":"https:\/\/www.k8s.stage.smartsteuer.dev\/online\/wp-json\/wp\/v2\/pages\/525","targetHints":{"allow":["GET"]}}],"collection":[{"href":"https:\/\/www.k8s.stage.smartsteuer.dev\/online\/wp-json\/wp\/v2\/pages"}],"about":[{"href":"https:\/\/www.k8s.stage.smartsteuer.dev\/online\/wp-json\/wp\/v2\/types\/page"}],"author":[{"embeddable":true,"href":"https:\/\/www.k8s.stage.smartsteuer.dev\/online\/wp-json\/wp\/v2\/users\/27"}],"replies":[{"embeddable":true,"href":"https:\/\/www.k8s.stage.smartsteuer.dev\/online\/wp-json\/wp\/v2\/comments?post=525"}],"version-history":[{"count":79,"href":"https:\/\/www.k8s.stage.smartsteuer.dev\/online\/wp-json\/wp\/v2\/pages\/525\/revisions"}],"predecessor-version":[{"id":70339,"href":"https:\/\/www.k8s.stage.smartsteuer.dev\/online\/wp-json\/wp\/v2\/pages\/525\/revisions\/70339"}],"wp:attachment":[{"href":"https:\/\/www.k8s.stage.smartsteuer.dev\/online\/wp-json\/wp\/v2\/media?parent=525"}],"curies":[{"name":"wp","href":"https:\/\/api.w.org\/{rel}","templated":true}]}}